{"id":7939,"date":"2021-05-03T12:06:54","date_gmt":"2021-05-03T10:06:54","guid":{"rendered":"https:\/\/www.villaggiodellasalutepiu.it\/it\/?post_type=eventi&#038;p=7939"},"modified":"2021-08-30T08:35:33","modified_gmt":"2021-08-30T06:35:33","slug":"il-soldato-martin-al-villaggio","status":"publish","type":"eventi","link":"https:\/\/www.villaggiodellasalutepiu.it\/it\/eventi\/il-soldato-martin-al-villaggio\/","title":{"rendered":"Il soldato Martin al Villaggio"},"content":{"rendered":"<div class=\"wpb-content-wrapper\"><p>[vc_row][vc_column][vc_column_text]Martin Adler, il veterano americano 97enne che luned\u00ec 23 agosto 2021 riabbraccer\u00e0 i tre fratelli Bruno, Giuliana e Mafalda Naldi salvati e fotografati a Monterenzio nell\u2019ottobre 1944 e ritrovati lo scorso Natale, trova l\u2019ospitalit\u00e0 del Villaggio della Salute Pi\u00f9 e del professor Antonio Monti, anche lui al tempo un bambino di guerra che ha vissuto quel terribile periodo. Martin da luned\u00ec pomeriggio, dopo il suo atterraggio all\u2019aeroporto Marconi di Bologna \u00a0sar\u00e0 ospite con la moglie Elaine , la figlia Rachelle e suo genero del \u201cVillaggio della Salute Pi\u00f9\u201d di Monterenzio, dove verranno svolti due eventi pubblici con il veterano e i tre fratelli Naldi.<\/p>\n<p><strong>Mercoled\u00ec 25 agosto<\/strong> alle 18 nel parco del Villaggio verr\u00e0 presentato il libro \u201cI bambini del soldato Martin\u201d (Corsiero editore), scritto da Matteo Incerti che rilanci\u00f2 l\u2019appello del soldato e contribu\u00ec a ritrovare i tre fratelli Naldi e ha organizzato il viaggio in Italia e <strong>venerd\u00ec 27<\/strong> sempre dalle 18 una iniziativa di beneficienza realizzata con i disegni del soldato a favore dell\u2019Ageop &#8211; Associazione Genitori Ematologia Oncologia Pediatrica onlus di Bologna. Il Villaggio della Salute Pi\u00f9 sar\u00e0 il \u201cquartier generale\u201d del veterano durante la sua permanenza nel bolognese.<\/p>\n<p>\u201cSono rimasto colpito dalla storia del simpaticissimo Martin con la quale ho interloquito via internet un mese fa in una precedente presentazione \u00a0del libro di Matteo Incerti al Villaggio della Salute Pi\u00f9 \u2013 spiega il professor Antonio Monti \u2013 ed ho deciso di ospitarlo durante la sua permanenza nel bolognese\u201d. Ma non \u00e8 solo ospitalit\u00e0 , c\u2019\u00e8 un forte legame storico che lega l\u2019area dove oggi sorge il Villaggio della Salute Pi\u00f9 con la Storia di questo territorio. Proprio una delle strutture durante la Seconda guerra mondiale fu prima comando tedesco e in seguito alleato britannico, mentre la struttura di Ca\u2019 Nova assunse il ruolo di ospedale prima per i tedeschi e poi alleato come testimoniano le foto custodite nel Museo della Linea Gotica presente presso la struttura.<\/p>\n<p>\u201cSar\u00e0 un emozionante piacere per me poter essere ospitato al Villaggio della Salute Pi\u00f9 \u2013 dichiara Martin Adler dalla sua residenza di Boca Raton in Florida mentre inizia a preparare le valigie- il mio sar\u00e0 un viaggio di pace, solidariet\u00e0 e amicizia e far\u00f2 tanti disegni per i bimbi italiani. Vivr\u00f2 una delle emozioni pi\u00f9 belle della mia vita. Bambini per sempre di Monterenzio: Giuliana, Bruno, Mafalda state pronti sto arrivando! Sono stato tra i primi a vaccinarmi a Boca Raton proprio con il sogno di arrivare in Italia ad abbracciarli\u201d.<\/p>\n<p>\u201cRingrazio il professor Monti per questo grande gesto di ospitalit\u00e0 e attenzione per il territorio che dimostra come la sua struttura non solo sia solo dedita al divertimento ma stia attenta alla Storia e la Memoria di questo territorio e sia attenta a valori coma la solidariet\u00e0\u201d dichiara il sindaco di Monterenzio Ivan Mantovani. \u201cSe Martin e i tre fratelli Naldi si potranno riabbracciare \u00e8 perch\u00e9 si sono vaccinati\u201d aggiunge\u00a0 Mantovani. \u00a0\u201cSar\u00e0 un piacere iniziare il viaggio di Martin in Italia proprio dalla Valle dell\u2019Idice e Monterenzio ed una struttura attenta alla storia del suo territorio come dimostra il bel Museo della Linea Gotica ubicato nella struttura del professor Monti\u201d dichiara l\u2019autore de \u201cI bambini del soldato Martin\u201d Matteo Incerti.[\/vc_column_text][vc_empty_space height=&#8221;16px&#8221;][vc_single_image image=&#8221;7955&#8243; img_size=&#8221;full&#8221;][\/vc_column][\/vc_row]<\/p>\n<\/div>","protected":false},"excerpt":{"rendered":"<p>Dal 23 al 28 agosto 2021.<\/p>\n","protected":false},"author":6,"featured_media":7437,"parent":0,"menu_order":0,"template":"","format":"standard","meta":{"footnotes":""},"categories":[22],"tags":[],"eventi":[],"class_list":["post-7939","eventi","type-eventi","status-publish","format-standard","has-post-thumbnail","hentry","category-news"],"yoast_head":"<!-- This site is optimized with the Yoast SEO plugin v28.0 - https:\/\/yoast.com\/product\/yoast-seo-wordpress\/ -->\n<title>Villaggio della Salute Pi\u00f9<\/title>\n<meta name=\"robots\" content=\"index, follow, max-snippet:-1, max-image-preview:large, max-video-preview:-1\" \/>\n<meta property=\"og:locale\" content=\"it_IT\" \/>\n<meta property=\"og:type\" content=\"article\" \/>\n<meta property=\"og:site_name\" content=\"Villaggio della Salute Pi\u00f9\" \/>\n<meta name=\"twitter:card\" content=\"summary_large_image\" \/>\n<script type=\"application\/ld+json\" class=\"yoast-schema-graph\">{\"@context\":\"https:\\\/\\\/schema.org\",\"@graph\":[{\"@type\":\"CollectionPage\",\"@id\":null,\"url\":\"\",\"name\":\"\",\"isPartOf\":{\"@id\":\"https:\\\/\\\/www.villaggiodellasalutepiu.it\\\/it\\\/#website\"},\"inLanguage\":\"it-IT\"},{\"@type\":\"WebSite\",\"@id\":\"https:\\\/\\\/www.villaggiodellasalutepiu.it\\\/it\\\/#website\",\"url\":\"https:\\\/\\\/www.villaggiodellasalutepiu.it\\\/it\\\/\",\"name\":\"Villaggio della Salute Pi\u00f9\",\"description\":\"Benvenuti\",\"publisher\":{\"@id\":\"https:\\\/\\\/www.villaggiodellasalutepiu.it\\\/it\\\/#organization\"},\"potentialAction\":[{\"@type\":\"SearchAction\",\"target\":{\"@type\":\"EntryPoint\",\"urlTemplate\":\"https:\\\/\\\/www.villaggiodellasalutepiu.it\\\/it\\\/?s={search_term_string}\"},\"query-input\":{\"@type\":\"PropertyValueSpecification\",\"valueRequired\":true,\"valueName\":\"search_term_string\"}}],\"inLanguage\":\"it-IT\"},{\"@type\":\"Organization\",\"@id\":\"https:\\\/\\\/www.villaggiodellasalutepiu.it\\\/it\\\/#organization\",\"name\":\"Villaggio Della Salute Pi\u00f9\",\"url\":\"https:\\\/\\\/www.villaggiodellasalutepiu.it\\\/it\\\/\",\"logo\":{\"@type\":\"ImageObject\",\"inLanguage\":\"it-IT\",\"@id\":\"https:\\\/\\\/www.villaggiodellasalutepiu.it\\\/it\\\/#\\\/schema\\\/logo\\\/image\\\/\",\"url\":\"https:\\\/\\\/www.villaggiodellasalutepiu.it\\\/wp-content\\\/uploads\\\/2020\\\/04\\\/logo-vds.png\",\"contentUrl\":\"https:\\\/\\\/www.villaggiodellasalutepiu.it\\\/wp-content\\\/uploads\\\/2020\\\/04\\\/logo-vds.png\",\"width\":449,\"height\":62,\"caption\":\"Villaggio Della Salute Pi\u00f9\"},\"image\":{\"@id\":\"https:\\\/\\\/www.villaggiodellasalutepiu.it\\\/it\\\/#\\\/schema\\\/logo\\\/image\\\/\"}}]}<\/script>\n<!-- \/ Yoast SEO plugin. -->","yoast_head_json":{"title":"Villaggio della Salute Pi\u00f9","robots":{"index":"index","follow":"follow","max-snippet":"max-snippet:-1","max-image-preview":"max-image-preview:large","max-video-preview":"max-video-preview:-1"},"og_locale":"it_IT","og_type":"article","og_site_name":"Villaggio della Salute Pi\u00f9","twitter_card":"summary_large_image","schema":{"@context":"https:\/\/schema.org","@graph":[{"@type":"CollectionPage","@id":null,"url":"","name":"","isPartOf":{"@id":"https:\/\/www.villaggiodellasalutepiu.it\/it\/#website"},"inLanguage":"it-IT"},{"@type":"WebSite","@id":"https:\/\/www.villaggiodellasalutepiu.it\/it\/#website","url":"https:\/\/www.villaggiodellasalutepiu.it\/it\/","name":"Villaggio della Salute Pi\u00f9","description":"Benvenuti","publisher":{"@id":"https:\/\/www.villaggiodellasalutepiu.it\/it\/#organization"},"potentialAction":[{"@type":"SearchAction","target":{"@type":"EntryPoint","urlTemplate":"https:\/\/www.villaggiodellasalutepiu.it\/it\/?s={search_term_string}"},"query-input":{"@type":"PropertyValueSpecification","valueRequired":true,"valueName":"search_term_string"}}],"inLanguage":"it-IT"},{"@type":"Organization","@id":"https:\/\/www.villaggiodellasalutepiu.it\/it\/#organization","name":"Villaggio Della Salute Pi\u00f9","url":"https:\/\/www.villaggiodellasalutepiu.it\/it\/","logo":{"@type":"ImageObject","inLanguage":"it-IT","@id":"https:\/\/www.villaggiodellasalutepiu.it\/it\/#\/schema\/logo\/image\/","url":"https:\/\/www.villaggiodellasalutepiu.it\/wp-content\/uploads\/2020\/04\/logo-vds.png","contentUrl":"https:\/\/www.villaggiodellasalutepiu.it\/wp-content\/uploads\/2020\/04\/logo-vds.png","width":449,"height":62,"caption":"Villaggio Della Salute Pi\u00f9"},"image":{"@id":"https:\/\/www.villaggiodellasalutepiu.it\/it\/#\/schema\/logo\/image\/"}}]}},"_links":{"self":[{"href":"https:\/\/www.villaggiodellasalutepiu.it\/it\/wp-json\/wp\/v2\/eventi\/7939"}],"collection":[{"href":"https:\/\/www.villaggiodellasalutepiu.it\/it\/wp-json\/wp\/v2\/eventi"}],"about":[{"href":"https:\/\/www.villaggiodellasalutepiu.it\/it\/wp-json\/wp\/v2\/types\/eventi"}],"author":[{"embeddable":true,"href":"https:\/\/www.villaggiodellasalutepiu.it\/it\/wp-json\/wp\/v2\/users\/6"}],"version-history":[{"count":4,"href":"https:\/\/www.villaggiodellasalutepiu.it\/it\/wp-json\/wp\/v2\/eventi\/7939\/revisions"}],"predecessor-version":[{"id":7982,"href":"https:\/\/www.villaggiodellasalutepiu.it\/it\/wp-json\/wp\/v2\/eventi\/7939\/revisions\/7982"}],"wp:featuredmedia":[{"embeddable":true,"href":"https:\/\/www.villaggiodellasalutepiu.it\/it\/wp-json\/wp\/v2\/media\/7437"}],"wp:attachment":[{"href":"https:\/\/www.villaggiodellasalutepiu.it\/it\/wp-json\/wp\/v2\/media?parent=7939"}],"wp:term":[{"taxonomy":"category","embeddable":true,"href":"https:\/\/www.villaggiodellasalutepiu.it\/it\/wp-json\/wp\/v2\/categories?post=7939"},{"taxonomy":"post_tag","embeddable":true,"href":"https:\/\/www.villaggiodellasalutepiu.it\/it\/wp-json\/wp\/v2\/tags?post=7939"},{"taxonomy":"eventi","embeddable":true,"href":"https:\/\/www.villaggiodellasalutepiu.it\/it\/wp-json\/wp\/v2\/eventi?post=7939"}],"curies":[{"name":"wp","href":"https:\/\/api.w.org\/{rel}","templated":true}]}}

<div class="wpb-content-wrapper"><p>[vc_row][vc_column][vc_column_text]Martin Adler, il veterano americano 97enne che lunedì 23 agosto 2021 riabbraccerà i tre fratelli Bruno, Giuliana e Mafalda Naldi salvati e fotografati a Monterenzio nell’ottobre 1944 e ritrovati lo scorso Natale, trova l’ospitalità del Villaggio della Salute Più e del professor Antonio Monti, anche lui al tempo un bambino di guerra che ha vissuto quel terribile periodo. Martin da lunedì pomeriggio, dopo il suo atterraggio all’aeroporto Marconi di Bologna  sarà ospite con la moglie Elaine , la figlia Rachelle e suo genero del “Villaggio della Salute Più” di Monterenzio, dove verranno svolti due eventi pubblici con il veterano e i tre fratelli Naldi.</p>
<p><strong>Mercoledì 25 agosto</strong> alle 18 nel parco del Villaggio verrà presentato il libro “I bambini del soldato Martin” (Corsiero editore), scritto da Matteo Incerti che rilanciò l’appello del soldato e contribuì a ritrovare i tre fratelli Naldi e ha organizzato il viaggio in Italia e <strong>venerdì 27</strong> sempre dalle 18 una iniziativa di beneficienza realizzata con i disegni del soldato a favore dell’Ageop &#8211; Associazione Genitori Ematologia Oncologia Pediatrica onlus di Bologna. Il Villaggio della Salute Più sarà il “quartier generale” del veterano durante la sua permanenza nel bolognese.</p>
<p>“Sono rimasto colpito dalla storia del simpaticissimo Martin con la quale ho interloquito via internet un mese fa in una precedente presentazione  del libro di Matteo Incerti al Villaggio della Salute Più – spiega il professor Antonio Monti – ed ho deciso di ospitarlo durante la sua permanenza nel bolognese”. Ma non è solo ospitalità , c’è un forte legame storico che lega l’area dove oggi sorge il Villaggio della Salute Più con la Storia di questo territorio. Proprio una delle strutture durante la Seconda guerra mondiale fu prima comando tedesco e in seguito alleato britannico, mentre la struttura di Ca’ Nova assunse il ruolo di ospedale prima per i tedeschi e poi alleato come testimoniano le foto custodite nel Museo della Linea Gotica presente presso la struttura.</p>
<p>“Sarà un emozionante piacere per me poter essere ospitato al Villaggio della Salute Più – dichiara Martin Adler dalla sua residenza di Boca Raton in Florida mentre inizia a preparare le valigie- il mio sarà un viaggio di pace, solidarietà e amicizia e farò tanti disegni per i bimbi italiani. Vivrò una delle emozioni più belle della mia vita. Bambini per sempre di Monterenzio: Giuliana, Bruno, Mafalda state pronti sto arrivando! Sono stato tra i primi a vaccinarmi a Boca Raton proprio con il sogno di arrivare in Italia ad abbracciarli”.</p>
<p>“Ringrazio il professor Monti per questo grande gesto di ospitalità e attenzione per il territorio che dimostra come la sua struttura non solo sia solo dedita al divertimento ma stia attenta alla Storia e la Memoria di questo territorio e sia attenta a valori coma la solidarietà” dichiara il sindaco di Monterenzio Ivan Mantovani. “Se Martin e i tre fratelli Naldi si potranno riabbracciare è perché si sono vaccinati” aggiunge  Mantovani.  “Sarà un piacere iniziare il viaggio di Martin in Italia proprio dalla Valle dell’Idice e Monterenzio ed una struttura attenta alla storia del suo territorio come dimostra il bel Museo della Linea Gotica ubicato nella struttura del professor Monti” dichiara l’autore de “I bambini del soldato Martin” Matteo Incerti.[/vc_column_text][vc_empty_space height=&#8221;16px&#8221;][vc_single_image image=&#8221;7955&#8243; img_size=&#8221;full&#8221;][/vc_column][/vc_row]</p>
</div>

<!-- This site is optimized with the Yoast SEO plugin v28.0 - https://yoast.com/product/yoast-seo-wordpress/ -->
<title>Villaggio della Salute Più</title>
<meta name="robots" content="index, follow, max-snippet:-1, max-image-preview:large, max-video-preview:-1" />
<meta property="og:locale" content="it_IT" />
<meta property="og:type" content="article" />
<meta property="og:site_name" content="Villaggio della Salute Più" />
<meta name="twitter:card" content="summary_large_image" />
<script type="application/ld+json" class="yoast-schema-graph">{"@context":"https:\/\/schema.org","@graph":[{"@type":"CollectionPage","@id":null,"url":"","name":"","isPartOf":{"@id":"https:\/\/www.villaggiodellasalutepiu.it\/it\/#website"},"inLanguage":"it-IT"},{"@type":"WebSite","@id":"https:\/\/www.villaggiodellasalutepiu.it\/it\/#website","url":"https:\/\/www.villaggiodellasalutepiu.it\/it\/","name":"Villaggio della Salute Più","description":"Benvenuti","publisher":{"@id":"https:\/\/www.villaggiodellasalutepiu.it\/it\/#organization"},"potentialAction":[{"@type":"SearchAction","target":{"@type":"EntryPoint","urlTemplate":"https:\/\/www.villaggiodellasalutepiu.it\/it\/?s={search_term_string}"},"query-input":{"@type":"PropertyValueSpecification","valueRequired":true,"valueName":"search_term_string"}}],"inLanguage":"it-IT"},{"@type":"Organization","@id":"https:\/\/www.villaggiodellasalutepiu.it\/it\/#organization","name":"Villaggio Della Salute Più","url":"https:\/\/www.villaggiodellasalutepiu.it\/it\/","logo":{"@type":"ImageObject","inLanguage":"it-IT","@id":"https:\/\/www.villaggiodellasalutepiu.it\/it\/#\/schema\/logo\/image\/","url":"https:\/\/www.villaggiodellasalutepiu.it\/wp-content\/uploads\/2020\/04\/logo-vds.png","contentUrl":"https:\/\/www.villaggiodellasalutepiu.it\/wp-content\/uploads\/2020\/04\/logo-vds.png","width":449,"height":62,"caption":"Villaggio Della Salute Più"},"image":{"@id":"https:\/\/www.villaggiodellasalutepiu.it\/it\/#\/schema\/logo\/image\/"}}]}</script>
<!-- / Yoast SEO plugin. -->

Villaggio della Salute Più

Villaggio Della Salute Più
