{"id":3481,"date":"2020-06-25T10:53:45","date_gmt":"2020-06-25T10:53:45","guid":{"rendered":"https:\/\/www.villaggiodellasalutepiu.it\/it\/?post_type=eventi&#038;p=3481"},"modified":"2020-08-24T07:08:33","modified_gmt":"2020-08-24T07:08:33","slug":"appuntamento-fotografico-con-le-mostre-di-mirco-lazzari","status":"publish","type":"eventi","link":"https:\/\/www.villaggiodellasalutepiu.it\/it\/eventi\/appuntamento-fotografico-con-le-mostre-di-mirco-lazzari\/","title":{"rendered":"Appuntamento fotografico con le mostre di Mirco Lazzari"},"content":{"rendered":"<p>Selezione speciale<\/p>\n<ul>\n<li>10-23 luglio 2020 <strong>Emozioni in rosso<\/strong><\/li>\n<li>24 luglio &#8211; 6 agosto 2020 <strong>Una vita in movimento<\/strong><\/li>\n<li>7-23 agosto 2020 <strong>Simply the Best<\/strong><\/li>\n<\/ul>\n<p>Villaggio della Salute Pi\u00f9<br \/>\nTerrazza del Museo della Linea Gotica<br \/>\nTutti i giorni ore 10-20<br \/>\n<em>Ingresso libero<\/em><\/p>\n<p>&nbsp;<\/p>\n<p><strong>Il cartellone degli eventi del Villaggio della Salute Pi\u00f9 riaccende i motori<\/strong> con l&#8217;inaugurazione dell&#8217;attesissima <strong>esposizione fotografica a cura del fotoreporter di fama mondiale, Mirco Lazzari<\/strong>, patrocinata da <strong>Motor Valley, Bologna Welcome e If<\/strong> (Imola-Faenza Tourism Company).<\/p>\n<p><strong>Promosso dal Gruppo Monti Salute Pi\u00f9,<\/strong> questo esclusivo appuntamento con la fotografia d&#8217;autore costituisce <strong>un&#8217;occasione unica per tutti gli appassionati di auto e moto<\/strong> che avranno la possibilit\u00e0 di tuffarsi nel mondo dei motori e dei Gran Premi internazionali da una prospettiva esclusiva: l&#8217;obiettivo di Mirco Lazzari. Se \u00e8 vero infatti che ci sono persone che per professione sfrecciano veloci sui circuiti delle massime categorie di moto e auto da corsa, ce ne sono altre il cui lavoro consiste nel fermare, all&#8217;interno del fotogramma, quell&#8217;irripetibile momento fatto di sequenziali adrenalinici attimi.<\/p>\n<p>Nato a Castel San Pietro, a pochi Km da Imola (cittadina baciata da sempre dal rombo dei motori), <strong>Mirco Lazzari negli anni ha saputo coniugare la passione per la fotografia con quella per la pista<\/strong>, realizzando foto che non sono solo immagini, ma soprattutto emozioni. Nelle sue foto, uniche e riconoscibili fra mille, vi \u00e8 quel <strong>giusto equilibrio fra la tecnica e l\u2019ardore agonistico, fra la sospensione delle forme e il furore della velocit\u00e0.<\/strong> Dall\u2019endurance, SupTurismo, Rally, Formula 1 fino ad arrivare alla MotoGP, di cui \u00e8 straordinario interprete su tutti i circuiti dal 2002, Mirco ha visto il mondo attraverso i circuiti, senza mai dimenticare che il confine fra le corse e la vita \u00e8 sottile e pu\u00f2, anzi, deve essere attraversato con l\u2019immagine.<\/p>\n<p><em>\u201cRitornare ad esporre il mio lavoro nella mia terra ha per me un sapore sempre particolare \u2013 <strong>dichiara Lazzari<\/strong> &#8211; tutto infatti \u00e8 partito dal circuito di Imola tantissimi anni fa, quando ero poco pi\u00f9 che un bambino, quando ho scattato la mia prima (brutta) foto rincorrendo un&#8217;idea di velocit\u00e0 che gi\u00e0 allora mi affascinava. In questa esposizione, ho selezionato scatti di pista, scatti di emozioni, scatti di attimi rubati selezionandoli dalle mie tre ultime mostre, e ringrazio il prof. Antonio Monti per avermi dato la possibilit\u00e0 di tornare ad esporre, per di pi\u00f9 in un contesto meraviglioso come il Villaggio della Salute Pi\u00f9\u201d.<\/em><\/p>\n<p>Da 50 anni il Gruppo Monti Salute Pi\u00f9 lavora nel campo della salute e quindi da sempre \u00e8 molto vicino al mondo dello sport.<\/p>\n<p><em>\u201cIl nostro gruppo di poliambulatori e terme &#8211; <strong>commenta il dott. Federico Monti, presidente del Gruppo Monti Salute Pi\u00f9<\/strong> &#8211; \u00e8 partner di squadre di calcio di serie A e di pallacanestro, e ospita numerose formazioni, anche giovanili in ritiro al Villaggio della Salute Pi\u00f9. Per noi quindi questo evento artistico e sportivo rappresenta un <strong>ulteriore segnale di radicamento nel territorio e cura nei confronti della cittadinanza,<\/strong> oltre che <strong>un modo per valorizzare tramite l&#8217;arte fotografica le grandi potenzialit\u00e0 della Motor Valley<\/strong> dell\u2019Emilia-Romagna, uno degli asset pi\u00f9 importanti nella filiera produttiva e per la promozione turistica sui mercati internazionali\u201d.<\/em><\/p>\n<p>Nello specifico, presso la <strong>Terrazza del Museo della Linea Gotica del Villaggio della Salute Pi\u00f9 <\/strong>di Monterenzio (BO) verranno allestite ben <strong>tre mostre (visitabili tutti i giorni dalle 10 alle 20, con ingresso libero), <\/strong>costituite dagli scatti pi\u00f9 significativi selezionati ed estratti da alcune esposizioni realizzate dall&#8217;artista.<\/p>\n<p>Da <strong>venerd\u00ec 10 a gioved\u00ec 23 luglio<\/strong> sar\u00e0 la volta di \u201c<strong>Emozioni in rosso<\/strong>\u201d <strong>dedicata al mondo Ducati<\/strong>, azienda orgogliosamente testimone del <em>Made in Italy,<\/em> la cui essenza si manifesta nelle linee di ogni moto. Forme sinuose, slanciate e seducenti, per uno stile senza tempo diventato un punto di riferimento del settore. Le Moto Ducati rappresentano infatti in oltre 60 paesi di tutto il mondo il sogno dei motociclisti pi\u00f9 appassionati.<\/p>\n<p>Da <strong>venerd\u00ec 24 luglio a gioved\u00ec 6 agosto <\/strong>sar\u00e0 la volta di<strong> \u201cUna vita in movimento\u201d, <\/strong>una serie di fotografie volte a raccontare con creativit\u00e0 aspetti inconsueti del <strong>Moto Gp,<\/strong> fotografato con maestria e sapienza da Lazzari.<\/p>\n<p>Infine, da <strong>venerd\u00ec 7 a domenica 23 agosto <\/strong>al Villaggio della Salute Pi\u00f9 con <strong>\u201cSimply the Best\u201d<\/strong> si render\u00e0 omaggio all&#8217;amatissimo pilota automobilistico <strong>Ayrton Senna<\/strong>, campione del mondo di Formula 1, scomparso prematuramente a causa di un incidente avvenuto alla curva Tamburello del circuito di Imola, durante il Gran Premio di San Marino 1994.<\/p>\n<p>\u201c<em>L&#8217;inconfondibile professionalit\u00e0 di Lazzari, con cui If ha avuto gi\u00e0 modo di collaborare in passato, e la particolare cornice delle mostre fotografiche sar\u00e0 in grado di coinvolgere i visitatori. Puntare sui motori e sulla Motor Valley, brand tra i pi\u00f9 conosciuti\u00a0all&#8217;estero, ci permette di promuovere anche le altre nostre eccellenze. Questa \u00e8 una strategia che sta dando importanti risultati in termini di consolidamento di arrivi e presenze sul territorio\u201d &#8211; <strong>sottolinea Marcella Pradella, Direttore di IF Imola Faenza Tourism Company.<\/strong><\/em><\/p>\n<p><em>\u00c8 dello stesso avviso anche <strong>Patrik Romano, Direttore Generale Bologna Welcome:<\/strong> \u201cI motori sono una delle componenti pi\u00f9 affascinanti del nostro territorio, rappresentano la velocit\u00e0, lo spirito innovativo e sempre all\u2019avanguardia della nostra gente e anche per questo motivo sono una delle eccellenze su cui negli ultimi anni abbiamo puntato di pi\u00f9 per raccontare la nostra terra all\u2019estero. <strong>Davvero interessante poi l\u2019idea di coniugare questa punta di diamante con un\u2019altra grande eccellenza delle nostre colline, ovvero la tradizione dell\u2019ospitalit\u00e0 legata al relax e al benessere\u201d.<\/strong><\/em><\/p>\n<p>&nbsp;<\/p>\n<p>Organizzato da <strong>Villaggio della Salute Pi\u00f9<\/strong><\/p>\n<p>Con il patrocinio di:<\/p>\n<p><img loading=\"lazy\" decoding=\"async\" class=\"alignleft wp-image-3482 size-full\" src=\"https:\/\/www.villaggiodellasalutepiu.it\/wp-content\/uploads\/2020\/07\/1000-patrocini-lazzari.png\" alt=\"\" width=\"1000\" height=\"76\" srcset=\"https:\/\/www.villaggiodellasalutepiu.it\/wp-content\/uploads\/2020\/07\/1000-patrocini-lazzari.png 1000w, https:\/\/www.villaggiodellasalutepiu.it\/wp-content\/uploads\/2020\/07\/1000-patrocini-lazzari-300x23.png 300w, https:\/\/www.villaggiodellasalutepiu.it\/wp-content\/uploads\/2020\/07\/1000-patrocini-lazzari-768x58.png 768w, https:\/\/www.villaggiodellasalutepiu.it\/wp-content\/uploads\/2020\/07\/1000-patrocini-lazzari-600x46.png 600w\" sizes=\"auto, (max-width: 1000px) 100vw, 1000px\" \/><\/p>\n","protected":false},"excerpt":{"rendered":"<p>Dal 10 luglio al 23 agosto 2020 &#8211; ingresso libero<\/p>\n","protected":false},"author":6,"featured_media":3484,"parent":0,"menu_order":0,"template":"","format":"standard","meta":{"footnotes":""},"categories":[],"tags":[],"eventi":[],"class_list":["post-3481","eventi","type-eventi","status-publish","format-standard","has-post-thumbnail","hentry"],"yoast_head":"<!-- This site is optimized with the Yoast SEO plugin v28.0 - https:\/\/yoast.com\/product\/yoast-seo-wordpress\/ -->\n<title>Villaggio della Salute Pi\u00f9<\/title>\n<meta name=\"robots\" content=\"index, follow, max-snippet:-1, max-image-preview:large, max-video-preview:-1\" \/>\n<meta property=\"og:locale\" content=\"it_IT\" \/>\n<meta property=\"og:type\" content=\"article\" \/>\n<meta property=\"og:site_name\" content=\"Villaggio della Salute Pi\u00f9\" \/>\n<meta name=\"twitter:card\" content=\"summary_large_image\" \/>\n<script type=\"application\/ld+json\" class=\"yoast-schema-graph\">{\"@context\":\"https:\\\/\\\/schema.org\",\"@graph\":[{\"@type\":\"CollectionPage\",\"@id\":null,\"url\":\"\",\"name\":\"\",\"isPartOf\":{\"@id\":\"https:\\\/\\\/www.villaggiodellasalutepiu.it\\\/it\\\/#website\"},\"inLanguage\":\"it-IT\"},{\"@type\":\"WebSite\",\"@id\":\"https:\\\/\\\/www.villaggiodellasalutepiu.it\\\/it\\\/#website\",\"url\":\"https:\\\/\\\/www.villaggiodellasalutepiu.it\\\/it\\\/\",\"name\":\"Villaggio della Salute Pi\u00f9\",\"description\":\"Benvenuti\",\"publisher\":{\"@id\":\"https:\\\/\\\/www.villaggiodellasalutepiu.it\\\/it\\\/#organization\"},\"potentialAction\":[{\"@type\":\"SearchAction\",\"target\":{\"@type\":\"EntryPoint\",\"urlTemplate\":\"https:\\\/\\\/www.villaggiodellasalutepiu.it\\\/it\\\/?s={search_term_string}\"},\"query-input\":{\"@type\":\"PropertyValueSpecification\",\"valueRequired\":true,\"valueName\":\"search_term_string\"}}],\"inLanguage\":\"it-IT\"},{\"@type\":\"Organization\",\"@id\":\"https:\\\/\\\/www.villaggiodellasalutepiu.it\\\/it\\\/#organization\",\"name\":\"Villaggio Della Salute Pi\u00f9\",\"url\":\"https:\\\/\\\/www.villaggiodellasalutepiu.it\\\/it\\\/\",\"logo\":{\"@type\":\"ImageObject\",\"inLanguage\":\"it-IT\",\"@id\":\"https:\\\/\\\/www.villaggiodellasalutepiu.it\\\/it\\\/#\\\/schema\\\/logo\\\/image\\\/\",\"url\":\"https:\\\/\\\/www.villaggiodellasalutepiu.it\\\/wp-content\\\/uploads\\\/2020\\\/04\\\/logo-vds.png\",\"contentUrl\":\"https:\\\/\\\/www.villaggiodellasalutepiu.it\\\/wp-content\\\/uploads\\\/2020\\\/04\\\/logo-vds.png\",\"width\":449,\"height\":62,\"caption\":\"Villaggio Della Salute Pi\u00f9\"},\"image\":{\"@id\":\"https:\\\/\\\/www.villaggiodellasalutepiu.it\\\/it\\\/#\\\/schema\\\/logo\\\/image\\\/\"}}]}<\/script>\n<!-- \/ Yoast SEO plugin. -->","yoast_head_json":{"title":"Villaggio della Salute Pi\u00f9","robots":{"index":"index","follow":"follow","max-snippet":"max-snippet:-1","max-image-preview":"max-image-preview:large","max-video-preview":"max-video-preview:-1"},"og_locale":"it_IT","og_type":"article","og_site_name":"Villaggio della Salute Pi\u00f9","twitter_card":"summary_large_image","schema":{"@context":"https:\/\/schema.org","@graph":[{"@type":"CollectionPage","@id":null,"url":"","name":"","isPartOf":{"@id":"https:\/\/www.villaggiodellasalutepiu.it\/it\/#website"},"inLanguage":"it-IT"},{"@type":"WebSite","@id":"https:\/\/www.villaggiodellasalutepiu.it\/it\/#website","url":"https:\/\/www.villaggiodellasalutepiu.it\/it\/","name":"Villaggio della Salute Pi\u00f9","description":"Benvenuti","publisher":{"@id":"https:\/\/www.villaggiodellasalutepiu.it\/it\/#organization"},"potentialAction":[{"@type":"SearchAction","target":{"@type":"EntryPoint","urlTemplate":"https:\/\/www.villaggiodellasalutepiu.it\/it\/?s={search_term_string}"},"query-input":{"@type":"PropertyValueSpecification","valueRequired":true,"valueName":"search_term_string"}}],"inLanguage":"it-IT"},{"@type":"Organization","@id":"https:\/\/www.villaggiodellasalutepiu.it\/it\/#organization","name":"Villaggio Della Salute Pi\u00f9","url":"https:\/\/www.villaggiodellasalutepiu.it\/it\/","logo":{"@type":"ImageObject","inLanguage":"it-IT","@id":"https:\/\/www.villaggiodellasalutepiu.it\/it\/#\/schema\/logo\/image\/","url":"https:\/\/www.villaggiodellasalutepiu.it\/wp-content\/uploads\/2020\/04\/logo-vds.png","contentUrl":"https:\/\/www.villaggiodellasalutepiu.it\/wp-content\/uploads\/2020\/04\/logo-vds.png","width":449,"height":62,"caption":"Villaggio Della Salute Pi\u00f9"},"image":{"@id":"https:\/\/www.villaggiodellasalutepiu.it\/it\/#\/schema\/logo\/image\/"}}]}},"_links":{"self":[{"href":"https:\/\/www.villaggiodellasalutepiu.it\/it\/wp-json\/wp\/v2\/eventi\/3481"}],"collection":[{"href":"https:\/\/www.villaggiodellasalutepiu.it\/it\/wp-json\/wp\/v2\/eventi"}],"about":[{"href":"https:\/\/www.villaggiodellasalutepiu.it\/it\/wp-json\/wp\/v2\/types\/eventi"}],"author":[{"embeddable":true,"href":"https:\/\/www.villaggiodellasalutepiu.it\/it\/wp-json\/wp\/v2\/users\/6"}],"version-history":[{"count":3,"href":"https:\/\/www.villaggiodellasalutepiu.it\/it\/wp-json\/wp\/v2\/eventi\/3481\/revisions"}],"predecessor-version":[{"id":3488,"href":"https:\/\/www.villaggiodellasalutepiu.it\/it\/wp-json\/wp\/v2\/eventi\/3481\/revisions\/3488"}],"wp:featuredmedia":[{"embeddable":true,"href":"https:\/\/www.villaggiodellasalutepiu.it\/it\/wp-json\/wp\/v2\/media\/3484"}],"wp:attachment":[{"href":"https:\/\/www.villaggiodellasalutepiu.it\/it\/wp-json\/wp\/v2\/media?parent=3481"}],"wp:term":[{"taxonomy":"category","embeddable":true,"href":"https:\/\/www.villaggiodellasalutepiu.it\/it\/wp-json\/wp\/v2\/categories?post=3481"},{"taxonomy":"post_tag","embeddable":true,"href":"https:\/\/www.villaggiodellasalutepiu.it\/it\/wp-json\/wp\/v2\/tags?post=3481"},{"taxonomy":"eventi","embeddable":true,"href":"https:\/\/www.villaggiodellasalutepiu.it\/it\/wp-json\/wp\/v2\/eventi?post=3481"}],"curies":[{"name":"wp","href":"https:\/\/api.w.org\/{rel}","templated":true}]}}

<p>Selezione speciale</p>
<ul>
<li>10-23 luglio 2020 <strong>Emozioni in rosso</strong></li>
<li>24 luglio &#8211; 6 agosto 2020 <strong>Una vita in movimento</strong></li>
<li>7-23 agosto 2020 <strong>Simply the Best</strong></li>
</ul>
<p>Villaggio della Salute Più<br />
Terrazza del Museo della Linea Gotica<br />
Tutti i giorni ore 10-20<br />
<em>Ingresso libero</em></p>
<p>&nbsp;</p>
<p><strong>Il cartellone degli eventi del Villaggio della Salute Più riaccende i motori</strong> con l&#8217;inaugurazione dell&#8217;attesissima <strong>esposizione fotografica a cura del fotoreporter di fama mondiale, Mirco Lazzari</strong>, patrocinata da <strong>Motor Valley, Bologna Welcome e If</strong> (Imola-Faenza Tourism Company).</p>
<p><strong>Promosso dal Gruppo Monti Salute Più,</strong> questo esclusivo appuntamento con la fotografia d&#8217;autore costituisce <strong>un&#8217;occasione unica per tutti gli appassionati di auto e moto</strong> che avranno la possibilità di tuffarsi nel mondo dei motori e dei Gran Premi internazionali da una prospettiva esclusiva: l&#8217;obiettivo di Mirco Lazzari. Se è vero infatti che ci sono persone che per professione sfrecciano veloci sui circuiti delle massime categorie di moto e auto da corsa, ce ne sono altre il cui lavoro consiste nel fermare, all&#8217;interno del fotogramma, quell&#8217;irripetibile momento fatto di sequenziali adrenalinici attimi.</p>
<p>Nato a Castel San Pietro, a pochi Km da Imola (cittadina baciata da sempre dal rombo dei motori), <strong>Mirco Lazzari negli anni ha saputo coniugare la passione per la fotografia con quella per la pista</strong>, realizzando foto che non sono solo immagini, ma soprattutto emozioni. Nelle sue foto, uniche e riconoscibili fra mille, vi è quel <strong>giusto equilibrio fra la tecnica e l’ardore agonistico, fra la sospensione delle forme e il furore della velocità.</strong> Dall’endurance, SupTurismo, Rally, Formula 1 fino ad arrivare alla MotoGP, di cui è straordinario interprete su tutti i circuiti dal 2002, Mirco ha visto il mondo attraverso i circuiti, senza mai dimenticare che il confine fra le corse e la vita è sottile e può, anzi, deve essere attraversato con l’immagine.</p>
<p><em>“Ritornare ad esporre il mio lavoro nella mia terra ha per me un sapore sempre particolare – <strong>dichiara Lazzari</strong> &#8211; tutto infatti è partito dal circuito di Imola tantissimi anni fa, quando ero poco più che un bambino, quando ho scattato la mia prima (brutta) foto rincorrendo un&#8217;idea di velocità che già allora mi affascinava. In questa esposizione, ho selezionato scatti di pista, scatti di emozioni, scatti di attimi rubati selezionandoli dalle mie tre ultime mostre, e ringrazio il prof. Antonio Monti per avermi dato la possibilità di tornare ad esporre, per di più in un contesto meraviglioso come il Villaggio della Salute Più”.</em></p>
<p>Da 50 anni il Gruppo Monti Salute Più lavora nel campo della salute e quindi da sempre è molto vicino al mondo dello sport.</p>
<p><em>“Il nostro gruppo di poliambulatori e terme &#8211; <strong>commenta il dott. Federico Monti, presidente del Gruppo Monti Salute Più</strong> &#8211; è partner di squadre di calcio di serie A e di pallacanestro, e ospita numerose formazioni, anche giovanili in ritiro al Villaggio della Salute Più. Per noi quindi questo evento artistico e sportivo rappresenta un <strong>ulteriore segnale di radicamento nel territorio e cura nei confronti della cittadinanza,</strong> oltre che <strong>un modo per valorizzare tramite l&#8217;arte fotografica le grandi potenzialità della Motor Valley</strong> dell’Emilia-Romagna, uno degli asset più importanti nella filiera produttiva e per la promozione turistica sui mercati internazionali”.</em></p>
<p>Nello specifico, presso la <strong>Terrazza del Museo della Linea Gotica del Villaggio della Salute Più </strong>di Monterenzio (BO) verranno allestite ben <strong>tre mostre (visitabili tutti i giorni dalle 10 alle 20, con ingresso libero), </strong>costituite dagli scatti più significativi selezionati ed estratti da alcune esposizioni realizzate dall&#8217;artista.</p>
<p>Da <strong>venerdì 10 a giovedì 23 luglio</strong> sarà la volta di “<strong>Emozioni in rosso</strong>” <strong>dedicata al mondo Ducati</strong>, azienda orgogliosamente testimone del <em>Made in Italy,</em> la cui essenza si manifesta nelle linee di ogni moto. Forme sinuose, slanciate e seducenti, per uno stile senza tempo diventato un punto di riferimento del settore. Le Moto Ducati rappresentano infatti in oltre 60 paesi di tutto il mondo il sogno dei motociclisti più appassionati.</p>
<p>Da <strong>venerdì 24 luglio a giovedì 6 agosto </strong>sarà la volta di<strong> “Una vita in movimento”, </strong>una serie di fotografie volte a raccontare con creatività aspetti inconsueti del <strong>Moto Gp,</strong> fotografato con maestria e sapienza da Lazzari.</p>
<p>Infine, da <strong>venerdì 7 a domenica 23 agosto </strong>al Villaggio della Salute Più con <strong>“Simply the Best”</strong> si renderà omaggio all&#8217;amatissimo pilota automobilistico <strong>Ayrton Senna</strong>, campione del mondo di Formula 1, scomparso prematuramente a causa di un incidente avvenuto alla curva Tamburello del circuito di Imola, durante il Gran Premio di San Marino 1994.</p>
<p>“<em>L&#8217;inconfondibile professionalità di Lazzari, con cui If ha avuto già modo di collaborare in passato, e la particolare cornice delle mostre fotografiche sarà in grado di coinvolgere i visitatori. Puntare sui motori e sulla Motor Valley, brand tra i più conosciuti all&#8217;estero, ci permette di promuovere anche le altre nostre eccellenze. Questa è una strategia che sta dando importanti risultati in termini di consolidamento di arrivi e presenze sul territorio” &#8211; <strong>sottolinea Marcella Pradella, Direttore di IF Imola Faenza Tourism Company.</strong></em></p>
<p><em>È dello stesso avviso anche <strong>Patrik Romano, Direttore Generale Bologna Welcome:</strong> “I motori sono una delle componenti più affascinanti del nostro territorio, rappresentano la velocità, lo spirito innovativo e sempre all’avanguardia della nostra gente e anche per questo motivo sono una delle eccellenze su cui negli ultimi anni abbiamo puntato di più per raccontare la nostra terra all’estero. <strong>Davvero interessante poi l’idea di coniugare questa punta di diamante con un’altra grande eccellenza delle nostre colline, ovvero la tradizione dell’ospitalità legata al relax e al benessere”.</strong></em></p>
<p>&nbsp;</p>
<p>Organizzato da <strong>Villaggio della Salute Più</strong></p>
<p>Con il patrocinio di:</p>
<p><img loading="lazy" decoding="async" class="alignleft wp-image-3482 size-full" src="https://www.villaggiodellasalutepiu.it/wp-content/uploads/2020/07/1000-patrocini-lazzari.png" alt="" width="1000" height="76" srcset="https://www.villaggiodellasalutepiu.it/wp-content/uploads/2020/07/1000-patrocini-lazzari.png 1000w, https://www.villaggiodellasalutepiu.it/wp-content/uploads/2020/07/1000-patrocini-lazzari-300x23.png 300w, https://www.villaggiodellasalutepiu.it/wp-content/uploads/2020/07/1000-patrocini-lazzari-768x58.png 768w, https://www.villaggiodellasalutepiu.it/wp-content/uploads/2020/07/1000-patrocini-lazzari-600x46.png 600w" sizes="auto, (max-width: 1000px) 100vw, 1000px" /></p>

<!-- This site is optimized with the Yoast SEO plugin v28.0 - https://yoast.com/product/yoast-seo-wordpress/ -->
<title>Villaggio della Salute Più</title>
<meta name="robots" content="index, follow, max-snippet:-1, max-image-preview:large, max-video-preview:-1" />
<meta property="og:locale" content="it_IT" />
<meta property="og:type" content="article" />
<meta property="og:site_name" content="Villaggio della Salute Più" />
<meta name="twitter:card" content="summary_large_image" />
<script type="application/ld+json" class="yoast-schema-graph">{"@context":"https:\/\/schema.org","@graph":[{"@type":"CollectionPage","@id":null,"url":"","name":"","isPartOf":{"@id":"https:\/\/www.villaggiodellasalutepiu.it\/it\/#website"},"inLanguage":"it-IT"},{"@type":"WebSite","@id":"https:\/\/www.villaggiodellasalutepiu.it\/it\/#website","url":"https:\/\/www.villaggiodellasalutepiu.it\/it\/","name":"Villaggio della Salute Più","description":"Benvenuti","publisher":{"@id":"https:\/\/www.villaggiodellasalutepiu.it\/it\/#organization"},"potentialAction":[{"@type":"SearchAction","target":{"@type":"EntryPoint","urlTemplate":"https:\/\/www.villaggiodellasalutepiu.it\/it\/?s={search_term_string}"},"query-input":{"@type":"PropertyValueSpecification","valueRequired":true,"valueName":"search_term_string"}}],"inLanguage":"it-IT"},{"@type":"Organization","@id":"https:\/\/www.villaggiodellasalutepiu.it\/it\/#organization","name":"Villaggio Della Salute Più","url":"https:\/\/www.villaggiodellasalutepiu.it\/it\/","logo":{"@type":"ImageObject","inLanguage":"it-IT","@id":"https:\/\/www.villaggiodellasalutepiu.it\/it\/#\/schema\/logo\/image\/","url":"https:\/\/www.villaggiodellasalutepiu.it\/wp-content\/uploads\/2020\/04\/logo-vds.png","contentUrl":"https:\/\/www.villaggiodellasalutepiu.it\/wp-content\/uploads\/2020\/04\/logo-vds.png","width":449,"height":62,"caption":"Villaggio Della Salute Più"},"image":{"@id":"https:\/\/www.villaggiodellasalutepiu.it\/it\/#\/schema\/logo\/image\/"}}]}</script>
<!-- / Yoast SEO plugin. -->

Villaggio della Salute Più

Villaggio Della Salute Più
