{"id":26126,"date":"2025-08-04T14:55:28","date_gmt":"2025-08-04T12:55:28","guid":{"rendered":"https:\/\/www.villaggiodellasalutepiu.it\/it\/?post_type=eventi&#038;p=26126"},"modified":"2026-05-07T11:00:06","modified_gmt":"2026-05-07T09:00:06","slug":"meditazioni-attive-di-osho-in-acqua-calda","status":"publish","type":"eventi","link":"https:\/\/www.villaggiodellasalutepiu.it\/it\/eventi\/meditazioni-attive-di-osho-in-acqua-calda\/","title":{"rendered":"Meditazioni attive di Osho in acqua calda"},"content":{"rendered":"<div class=\"wpb-content-wrapper\"><p>[vc_row][vc_column][vc_column_text css=&#8221;&#8221;]Appuntamenti con le sedute di meditazione di gruppo e WATSU<sup>\u00ae<\/sup> individuale, una volta al mese da gennaio a maggio 2026. Le meditazioni sono tenute da Keli.<\/p>\n<p>&nbsp;<\/p>\n<h2><span style=\"color: #ff0000;\">28 gennaio 2026 ore 18.30<\/span> <strong>Osho Kundalini<\/strong><\/h2>\n<p>Questa meditazione trova il suo momento migliore se fatta al tramonto o nel tardo pomeriggio. Immergersi totalmente nello scuotimento e nella danza durante i primi due stadi aiuta a scaricare le tensioni accumulate durante il giorno e sbloccare l\u2019energia. Poi quell\u2019energia pu\u00f2 scorrere, danzare ed essere trasformata in gioia e beatitudine.<\/p>\n<p>&nbsp;<\/p>\n<h2><span style=\"color: #ff0000;\">11 febbraio 2026 ore 18.30<\/span> <strong>Osho Nadabrahama<\/strong><\/h2>\n<p>Nadabrahma \u00e8 la meditazione dell\u2019\u201chumming\u201d: \u00e8 con l\u2019emissione del suono \u201cmmmmmmm\u201d a bocca chiusa e i movimenti delle mani che le parti in conflitto iniziano a sintonizzarsi, portando armonia a tutto il tuo essere. Poi, con il corpo e la mente in totale sintonia, entri in uno stato di profonda pace interiore, silenzio e rilassatezza.<\/p>\n<p>&nbsp;<\/p>\n<h2><span style=\"color: #ff0000;\">4 marzo 2026 ore 18.30<\/span> <strong>Osho Gourishankar<\/strong><\/h2>\n<p>Questa tecnica utilizza il respiro la cui profondit\u00e0 pu\u00f2 far vibrare l\u2019intero essere ad alte consapevolezze. Crea una grande apertura mentale e una profonda pace interiore.<\/p>\n<p>&nbsp;<\/p>\n<h2><del><span style=\"color: #ff0000;\">22 aprile 2026 ore 18.30<\/span> <\/del><strong><del>Osho Chakra Sound<\/del> ANNULLATO<\/strong><\/h2>\n<p>Questa meditazione usa suoni vocali per aprire e armonizzare i chakra o centri energetici. Pu\u00f2 condurti in un profondo, quieto, silenzio interiore, attraverso i tuoi suoni vocali, o semplicemente ascoltando la musica e sentendo i suoni dentro di te.<\/p>\n<p>&nbsp;<\/p>\n<h2><span style=\"color: #ff0000;\">6 maggio 2026 ore 18.30<\/span> <strong>Osho Heart Chakra<\/strong><\/h2>\n<p>Tecnica di meditazione basata sul respiro e il movimento dolce del corpo, capace, lavorando sul centro energetico del cuore (il chakra centrale, cio\u00e8 la via di mezzo nel percorso mistico, localizzato nel centro del petto), di creare una sensazione di salda connessione con la terra.[\/vc_column_text][vc_empty_space][\/vc_column][\/vc_row][vc_row][vc_column]<div class=\"title-wrapper  basel-title-color-default basel-title-style-cross basel-title-size-default text-center \"><div class=\"liner-continer\"> <span class=\"left-line\"><\/span> <h4 class=\"title\" >Sedute di gruppo<span class=\"title-separator\"><span><\/span><\/span><\/h4> <span class=\"right-line\"><\/span> <\/div><\/div>[vc_column_text css=&#8221;&#8221;]<em>\u20ac 12, durata 60 minuti<\/em>[\/vc_column_text][vc_tta_accordion style=&#8221;flat&#8221; color=&#8221;white&#8221; c_position=&#8221;right&#8221; active_section=&#8221;99&#8243; collapsible_all=&#8221;true&#8221;][vc_tta_section title=&#8221;Come funzionano le meditazioni di gruppo&#8221; tab_id=&#8221;come-funzionano&#8221;][vc_column_text css=&#8221;&#8221;]<\/p>\n<h2><strong>Che cos&#8217;\u00e8<\/strong><\/h2>\n<p>Le meditazioni attive di Osho sono create e strutturate per l\u2019uomo moderno che vive usualmente in uno stato di tensione, allerta e stress. Sono tecniche che utilizzano il movimento, la respirazione, la danza con lo scopo di scaricare le energie in eccesso preparando il corpo e la mente ad uno stato di maggiore rilassamento e calma.<\/p>\n<p>La pratica di alcune delle tecniche di meditazione in acqua calda ha rivelato come questo elemento agevoli naturalmente il rilassamento e di conseguenza la meditazione pu\u00f2 accadere pi\u00f9 facilmente in modo da aiutarci a ridurre lo stress che accumuliamo ogni giorno.<\/p>\n<p>&nbsp;<\/p>\n<h2><strong>Obiettivi<\/strong><\/h2>\n<ul>\n<li><strong>Rilascio delle tensioni:<\/strong> sfruttare la propriet\u00e0 dell&#8217;acqua di &#8220;sciogliere&#8221; le resistenze fisiche ed emotive, facilitando il processo del lasciar andare le tensioni e i gravami.<\/li>\n<li><strong>Rilassamento senza sforzo:<\/strong> utilizzare l&#8217;assenza di gravit\u00e0 e il calore per indurre uno stato di rilassamento fisico che normalmente richiede tempo per essere raggiunto a terra.<\/li>\n<\/ul>\n<p>&nbsp;<\/p>\n<h2><strong>Setting<\/strong><\/h2>\n<p>Le meditazioni saranno praticate nella piscina con l\u2019acqua calda, utilizzando le musiche originali delle Meditazioni di Osho. La durata di ogni meditazione \u00e8 di un\u2019ora. Considerando la spiegazione e un momento di integrazione finale \u00e8 bene considerare uno spazio di un\u2019ora e trenta.<\/p>\n<p>&nbsp;<\/p>\n<h2><\/h2>\n<p>[\/vc_column_text][\/vc_tta_section][\/vc_tta_accordion][vc_empty_space][\/vc_column][\/vc_row][vc_row][vc_column]<div class=\"title-wrapper  basel-title-color-default basel-title-style-cross basel-title-size-default text-center \"><div class=\"liner-continer\"> <span class=\"left-line\"><\/span> <h4 class=\"title\" >WATSU<sup>\u00ae<\/sup> individuale<span class=\"title-separator\"><span><\/span><\/span><\/h4> <span class=\"right-line\"><\/span> <\/div><\/div>[vc_column_text css=&#8221;&#8221;]Il pomeriggio del giorno di meditazione e il mattino del giorno successivo, disponibili anche <strong>sedute individuali di WATSU<sup>\u00ae<\/sup><\/strong>.<\/p>\n<p><em>30 minuti \u20ac 40; 60 minuti \u20ac 80.<\/em>[\/vc_column_text][vc_tta_accordion style=&#8221;flat&#8221; color=&#8221;white&#8221; c_position=&#8221;right&#8221; active_section=&#8221;99&#8243; collapsible_all=&#8221;true&#8221;][vc_tta_section title=&#8221;Cos&#8217;\u00e8 il WATSU\u00ae&#8221; tab_id=&#8221;cosa-watsu&#8221;][vc_column_text css=&#8221;&#8221;]WATSU<sup>\u00ae<\/sup> \u00e8 un\u2019esperienza sensoriale unica, una disciplina Bio Naturale innovativa che coniuga i principi dello Shiatsu con i benefici rigeneranti dell\u2019acqua calda.<\/p>\n<p>La riduzione della gravit\u00e0 crea le condizioni perfette affinch\u00e9 il corpo esplori liberamente i propri movimenti sperimentando un livello di rilassamento profondo e immediato.<\/p>\n<p>Nel ricevere WATSU<sup>\u00ae<\/sup> il corpo, accuratamente sostenuto in galleggiamento, \u00e8 in grado di rilasciare le tensioni e ripristinare l&#8217;equilibrio e la vitalit\u00e0.<\/p>\n<p>Pressioni sui punti di agopuntura, stiramenti di meridiani energetici e allungamenti muscolari si alternano a dondolii ed esplorazioni libere. \u00c8 un\u2019armonica danza in acqua che invita all\u2019abbandono fiducioso, risvegliando il naturale senso di movimento e la vitalit\u00e0 del corpo.<\/p>\n<p>WATSU<sup>\u00ae<\/sup> \u00e8 un metodo molto potente ed efficace rivolto a tutti grazie alla sua natura dolce e non invasiva. In particolare, per chi \u00e8 alla ricerca di un profondo stato di benessere psicofisico. Di particolare efficacia per chi soffre di tensioni muscolari o dolori articolari, per chi sente il bisogno di ridurre lo stress ad ogni livello fisico, mentale ed emotivo, in generale per chi ricerca una maggiore consapevolezza corporea e respiratoria.<\/p>\n<p>Esperienza particolarmente nutriente e preziosa per le donne in gravidanza.<\/p>\n<p>Oggi rappresenta il fiore all\u2019occhiello delle spa pi\u00f9 esclusive al mondo ed \u00e8 valorizzata anche in ambito clinico-riabilitativo per la sua capacit\u00e0 di promuovere il recupero e l\u2019equilibrio psicofisico.[\/vc_column_text][\/vc_tta_section][\/vc_tta_accordion][vc_empty_space][\/vc_column][\/vc_row][vc_row][vc_column][vc_column_text css=&#8221;&#8221;]Tel. 051.929791, info@villaggiodellasalute.it<\/p>\n<p>Villaggio della Salute Pi\u00f9, Via Sillaro 27 &#8211; Monterenzio (BO)[\/vc_column_text][vc_empty_space][\/vc_column][\/vc_row]<\/p>\n<\/div>","protected":false},"excerpt":{"rendered":"<p>Appuntamenti con le sedute di meditazione di gruppo e WATSU\u00ae individuale, una volta al mese da gennaio a maggio 2026.<\/p>\n","protected":false},"author":6,"featured_media":26173,"parent":0,"menu_order":0,"template":"","format":"standard","meta":{"footnotes":""},"categories":[],"tags":[],"eventi":[],"class_list":["post-26126","eventi","type-eventi","status-publish","format-standard","has-post-thumbnail","hentry"],"yoast_head":"<!-- This site is optimized with the Yoast SEO plugin v28.0 - https:\/\/yoast.com\/product\/yoast-seo-wordpress\/ -->\n<title>Villaggio della Salute Pi\u00f9<\/title>\n<meta name=\"robots\" content=\"index, follow, max-snippet:-1, max-image-preview:large, max-video-preview:-1\" \/>\n<meta property=\"og:locale\" content=\"it_IT\" \/>\n<meta property=\"og:type\" content=\"article\" \/>\n<meta property=\"og:site_name\" content=\"Villaggio della Salute Pi\u00f9\" \/>\n<meta name=\"twitter:card\" content=\"summary_large_image\" \/>\n<script type=\"application\/ld+json\" class=\"yoast-schema-graph\">{\"@context\":\"https:\\\/\\\/schema.org\",\"@graph\":[{\"@type\":\"CollectionPage\",\"@id\":null,\"url\":\"\",\"name\":\"\",\"isPartOf\":{\"@id\":\"https:\\\/\\\/www.villaggiodellasalutepiu.it\\\/it\\\/#website\"},\"inLanguage\":\"it-IT\"},{\"@type\":\"WebSite\",\"@id\":\"https:\\\/\\\/www.villaggiodellasalutepiu.it\\\/it\\\/#website\",\"url\":\"https:\\\/\\\/www.villaggiodellasalutepiu.it\\\/it\\\/\",\"name\":\"Villaggio della Salute Pi\u00f9\",\"description\":\"Benvenuti\",\"publisher\":{\"@id\":\"https:\\\/\\\/www.villaggiodellasalutepiu.it\\\/it\\\/#organization\"},\"potentialAction\":[{\"@type\":\"SearchAction\",\"target\":{\"@type\":\"EntryPoint\",\"urlTemplate\":\"https:\\\/\\\/www.villaggiodellasalutepiu.it\\\/it\\\/?s={search_term_string}\"},\"query-input\":{\"@type\":\"PropertyValueSpecification\",\"valueRequired\":true,\"valueName\":\"search_term_string\"}}],\"inLanguage\":\"it-IT\"},{\"@type\":\"Organization\",\"@id\":\"https:\\\/\\\/www.villaggiodellasalutepiu.it\\\/it\\\/#organization\",\"name\":\"Villaggio Della Salute Pi\u00f9\",\"url\":\"https:\\\/\\\/www.villaggiodellasalutepiu.it\\\/it\\\/\",\"logo\":{\"@type\":\"ImageObject\",\"inLanguage\":\"it-IT\",\"@id\":\"https:\\\/\\\/www.villaggiodellasalutepiu.it\\\/it\\\/#\\\/schema\\\/logo\\\/image\\\/\",\"url\":\"https:\\\/\\\/www.villaggiodellasalutepiu.it\\\/wp-content\\\/uploads\\\/2020\\\/04\\\/logo-vds.png\",\"contentUrl\":\"https:\\\/\\\/www.villaggiodellasalutepiu.it\\\/wp-content\\\/uploads\\\/2020\\\/04\\\/logo-vds.png\",\"width\":449,\"height\":62,\"caption\":\"Villaggio Della Salute Pi\u00f9\"},\"image\":{\"@id\":\"https:\\\/\\\/www.villaggiodellasalutepiu.it\\\/it\\\/#\\\/schema\\\/logo\\\/image\\\/\"}}]}<\/script>\n<!-- \/ Yoast SEO plugin. -->","yoast_head_json":{"title":"Villaggio della Salute Pi\u00f9","robots":{"index":"index","follow":"follow","max-snippet":"max-snippet:-1","max-image-preview":"max-image-preview:large","max-video-preview":"max-video-preview:-1"},"og_locale":"it_IT","og_type":"article","og_site_name":"Villaggio della Salute Pi\u00f9","twitter_card":"summary_large_image","schema":{"@context":"https:\/\/schema.org","@graph":[{"@type":"CollectionPage","@id":null,"url":"","name":"","isPartOf":{"@id":"https:\/\/www.villaggiodellasalutepiu.it\/it\/#website"},"inLanguage":"it-IT"},{"@type":"WebSite","@id":"https:\/\/www.villaggiodellasalutepiu.it\/it\/#website","url":"https:\/\/www.villaggiodellasalutepiu.it\/it\/","name":"Villaggio della Salute Pi\u00f9","description":"Benvenuti","publisher":{"@id":"https:\/\/www.villaggiodellasalutepiu.it\/it\/#organization"},"potentialAction":[{"@type":"SearchAction","target":{"@type":"EntryPoint","urlTemplate":"https:\/\/www.villaggiodellasalutepiu.it\/it\/?s={search_term_string}"},"query-input":{"@type":"PropertyValueSpecification","valueRequired":true,"valueName":"search_term_string"}}],"inLanguage":"it-IT"},{"@type":"Organization","@id":"https:\/\/www.villaggiodellasalutepiu.it\/it\/#organization","name":"Villaggio Della Salute Pi\u00f9","url":"https:\/\/www.villaggiodellasalutepiu.it\/it\/","logo":{"@type":"ImageObject","inLanguage":"it-IT","@id":"https:\/\/www.villaggiodellasalutepiu.it\/it\/#\/schema\/logo\/image\/","url":"https:\/\/www.villaggiodellasalutepiu.it\/wp-content\/uploads\/2020\/04\/logo-vds.png","contentUrl":"https:\/\/www.villaggiodellasalutepiu.it\/wp-content\/uploads\/2020\/04\/logo-vds.png","width":449,"height":62,"caption":"Villaggio Della Salute Pi\u00f9"},"image":{"@id":"https:\/\/www.villaggiodellasalutepiu.it\/it\/#\/schema\/logo\/image\/"}}]}},"_links":{"self":[{"href":"https:\/\/www.villaggiodellasalutepiu.it\/it\/wp-json\/wp\/v2\/eventi\/26126"}],"collection":[{"href":"https:\/\/www.villaggiodellasalutepiu.it\/it\/wp-json\/wp\/v2\/eventi"}],"about":[{"href":"https:\/\/www.villaggiodellasalutepiu.it\/it\/wp-json\/wp\/v2\/types\/eventi"}],"author":[{"embeddable":true,"href":"https:\/\/www.villaggiodellasalutepiu.it\/it\/wp-json\/wp\/v2\/users\/6"}],"version-history":[{"count":19,"href":"https:\/\/www.villaggiodellasalutepiu.it\/it\/wp-json\/wp\/v2\/eventi\/26126\/revisions"}],"predecessor-version":[{"id":26959,"href":"https:\/\/www.villaggiodellasalutepiu.it\/it\/wp-json\/wp\/v2\/eventi\/26126\/revisions\/26959"}],"wp:featuredmedia":[{"embeddable":true,"href":"https:\/\/www.villaggiodellasalutepiu.it\/it\/wp-json\/wp\/v2\/media\/26173"}],"wp:attachment":[{"href":"https:\/\/www.villaggiodellasalutepiu.it\/it\/wp-json\/wp\/v2\/media?parent=26126"}],"wp:term":[{"taxonomy":"category","embeddable":true,"href":"https:\/\/www.villaggiodellasalutepiu.it\/it\/wp-json\/wp\/v2\/categories?post=26126"},{"taxonomy":"post_tag","embeddable":true,"href":"https:\/\/www.villaggiodellasalutepiu.it\/it\/wp-json\/wp\/v2\/tags?post=26126"},{"taxonomy":"eventi","embeddable":true,"href":"https:\/\/www.villaggiodellasalutepiu.it\/it\/wp-json\/wp\/v2\/eventi?post=26126"}],"curies":[{"name":"wp","href":"https:\/\/api.w.org\/{rel}","templated":true}]}}

<div class="wpb-content-wrapper"><p>[vc_row][vc_column][vc_column_text css=&#8221;&#8221;]Appuntamenti con le sedute di meditazione di gruppo e WATSU<sup>®</sup> individuale, una volta al mese da gennaio a maggio 2026. Le meditazioni sono tenute da Keli.</p>
<p>&nbsp;</p>
<h2><span style="color: #ff0000;">28 gennaio 2026 ore 18.30</span> <strong>Osho Kundalini</strong></h2>
<p>Questa meditazione trova il suo momento migliore se fatta al tramonto o nel tardo pomeriggio. Immergersi totalmente nello scuotimento e nella danza durante i primi due stadi aiuta a scaricare le tensioni accumulate durante il giorno e sbloccare l’energia. Poi quell’energia può scorrere, danzare ed essere trasformata in gioia e beatitudine.</p>
<p>&nbsp;</p>
<h2><span style="color: #ff0000;">11 febbraio 2026 ore 18.30</span> <strong>Osho Nadabrahama</strong></h2>
<p>Nadabrahma è la meditazione dell’“humming”: è con l’emissione del suono “mmmmmmm” a bocca chiusa e i movimenti delle mani che le parti in conflitto iniziano a sintonizzarsi, portando armonia a tutto il tuo essere. Poi, con il corpo e la mente in totale sintonia, entri in uno stato di profonda pace interiore, silenzio e rilassatezza.</p>
<p>&nbsp;</p>
<h2><span style="color: #ff0000;">4 marzo 2026 ore 18.30</span> <strong>Osho Gourishankar</strong></h2>
<p>Questa tecnica utilizza il respiro la cui profondità può far vibrare l’intero essere ad alte consapevolezze. Crea una grande apertura mentale e una profonda pace interiore.</p>
<p>&nbsp;</p>
<h2><del><span style="color: #ff0000;">22 aprile 2026 ore 18.30</span> </del><strong><del>Osho Chakra Sound</del> ANNULLATO</strong></h2>
<p>Questa meditazione usa suoni vocali per aprire e armonizzare i chakra o centri energetici. Può condurti in un profondo, quieto, silenzio interiore, attraverso i tuoi suoni vocali, o semplicemente ascoltando la musica e sentendo i suoni dentro di te.</p>
<p>&nbsp;</p>
<h2><span style="color: #ff0000;">6 maggio 2026 ore 18.30</span> <strong>Osho Heart Chakra</strong></h2>
<p>Tecnica di meditazione basata sul respiro e il movimento dolce del corpo, capace, lavorando sul centro energetico del cuore (il chakra centrale, cioè la via di mezzo nel percorso mistico, localizzato nel centro del petto), di creare una sensazione di salda connessione con la terra.[/vc_column_text][vc_empty_space][/vc_column][/vc_row][vc_row][vc_column]<div class="title-wrapper  basel-title-color-default basel-title-style-cross basel-title-size-default text-center "><div class="liner-continer"> <span class="left-line"></span> <h4 class="title" >Sedute di gruppo<span class="title-separator"><span></span></span></h4> <span class="right-line"></span> </div></div>[vc_column_text css=&#8221;&#8221;]<em>€ 12, durata 60 minuti</em>[/vc_column_text][vc_tta_accordion style=&#8221;flat&#8221; color=&#8221;white&#8221; c_position=&#8221;right&#8221; active_section=&#8221;99&#8243; collapsible_all=&#8221;true&#8221;][vc_tta_section title=&#8221;Come funzionano le meditazioni di gruppo&#8221; tab_id=&#8221;come-funzionano&#8221;][vc_column_text css=&#8221;&#8221;]</p>
<h2><strong>Che cos&#8217;è</strong></h2>
<p>Le meditazioni attive di Osho sono create e strutturate per l’uomo moderno che vive usualmente in uno stato di tensione, allerta e stress. Sono tecniche che utilizzano il movimento, la respirazione, la danza con lo scopo di scaricare le energie in eccesso preparando il corpo e la mente ad uno stato di maggiore rilassamento e calma.</p>
<p>La pratica di alcune delle tecniche di meditazione in acqua calda ha rivelato come questo elemento agevoli naturalmente il rilassamento e di conseguenza la meditazione può accadere più facilmente in modo da aiutarci a ridurre lo stress che accumuliamo ogni giorno.</p>
<p>&nbsp;</p>
<h2><strong>Obiettivi</strong></h2>
<ul>
<li><strong>Rilascio delle tensioni:</strong> sfruttare la proprietà dell&#8217;acqua di &#8220;sciogliere&#8221; le resistenze fisiche ed emotive, facilitando il processo del lasciar andare le tensioni e i gravami.</li>
<li><strong>Rilassamento senza sforzo:</strong> utilizzare l&#8217;assenza di gravità e il calore per indurre uno stato di rilassamento fisico che normalmente richiede tempo per essere raggiunto a terra.</li>
</ul>
<p>&nbsp;</p>
<h2><strong>Setting</strong></h2>
<p>Le meditazioni saranno praticate nella piscina con l’acqua calda, utilizzando le musiche originali delle Meditazioni di Osho. La durata di ogni meditazione è di un’ora. Considerando la spiegazione e un momento di integrazione finale è bene considerare uno spazio di un’ora e trenta.</p>
<p>&nbsp;</p>
<h2></h2>
<p>[/vc_column_text][/vc_tta_section][/vc_tta_accordion][vc_empty_space][/vc_column][/vc_row][vc_row][vc_column]<div class="title-wrapper  basel-title-color-default basel-title-style-cross basel-title-size-default text-center "><div class="liner-continer"> <span class="left-line"></span> <h4 class="title" >WATSU<sup>®</sup> individuale<span class="title-separator"><span></span></span></h4> <span class="right-line"></span> </div></div>[vc_column_text css=&#8221;&#8221;]Il pomeriggio del giorno di meditazione e il mattino del giorno successivo, disponibili anche <strong>sedute individuali di WATSU<sup>®</sup></strong>.</p>
<p><em>30 minuti € 40; 60 minuti € 80.</em>[/vc_column_text][vc_tta_accordion style=&#8221;flat&#8221; color=&#8221;white&#8221; c_position=&#8221;right&#8221; active_section=&#8221;99&#8243; collapsible_all=&#8221;true&#8221;][vc_tta_section title=&#8221;Cos&#8217;è il WATSU®&#8221; tab_id=&#8221;cosa-watsu&#8221;][vc_column_text css=&#8221;&#8221;]WATSU<sup>®</sup> è un’esperienza sensoriale unica, una disciplina Bio Naturale innovativa che coniuga i principi dello Shiatsu con i benefici rigeneranti dell’acqua calda.</p>
<p>La riduzione della gravità crea le condizioni perfette affinché il corpo esplori liberamente i propri movimenti sperimentando un livello di rilassamento profondo e immediato.</p>
<p>Nel ricevere WATSU<sup>®</sup> il corpo, accuratamente sostenuto in galleggiamento, è in grado di rilasciare le tensioni e ripristinare l&#8217;equilibrio e la vitalità.</p>
<p>Pressioni sui punti di agopuntura, stiramenti di meridiani energetici e allungamenti muscolari si alternano a dondolii ed esplorazioni libere. È un’armonica danza in acqua che invita all’abbandono fiducioso, risvegliando il naturale senso di movimento e la vitalità del corpo.</p>
<p>WATSU<sup>®</sup> è un metodo molto potente ed efficace rivolto a tutti grazie alla sua natura dolce e non invasiva. In particolare, per chi è alla ricerca di un profondo stato di benessere psicofisico. Di particolare efficacia per chi soffre di tensioni muscolari o dolori articolari, per chi sente il bisogno di ridurre lo stress ad ogni livello fisico, mentale ed emotivo, in generale per chi ricerca una maggiore consapevolezza corporea e respiratoria.</p>
<p>Esperienza particolarmente nutriente e preziosa per le donne in gravidanza.</p>
<p>Oggi rappresenta il fiore all’occhiello delle spa più esclusive al mondo ed è valorizzata anche in ambito clinico-riabilitativo per la sua capacità di promuovere il recupero e l’equilibrio psicofisico.[/vc_column_text][/vc_tta_section][/vc_tta_accordion][vc_empty_space][/vc_column][/vc_row][vc_row][vc_column][vc_column_text css=&#8221;&#8221;]Tel. 051.929791, info@villaggiodellasalute.it</p>
<p>Villaggio della Salute Più, Via Sillaro 27 &#8211; Monterenzio (BO)[/vc_column_text][vc_empty_space][/vc_column][/vc_row]</p>
</div>

<!-- This site is optimized with the Yoast SEO plugin v28.0 - https://yoast.com/product/yoast-seo-wordpress/ -->
<title>Villaggio della Salute Più</title>
<meta name="robots" content="index, follow, max-snippet:-1, max-image-preview:large, max-video-preview:-1" />
<meta property="og:locale" content="it_IT" />
<meta property="og:type" content="article" />
<meta property="og:site_name" content="Villaggio della Salute Più" />
<meta name="twitter:card" content="summary_large_image" />
<script type="application/ld+json" class="yoast-schema-graph">{"@context":"https:\/\/schema.org","@graph":[{"@type":"CollectionPage","@id":null,"url":"","name":"","isPartOf":{"@id":"https:\/\/www.villaggiodellasalutepiu.it\/it\/#website"},"inLanguage":"it-IT"},{"@type":"WebSite","@id":"https:\/\/www.villaggiodellasalutepiu.it\/it\/#website","url":"https:\/\/www.villaggiodellasalutepiu.it\/it\/","name":"Villaggio della Salute Più","description":"Benvenuti","publisher":{"@id":"https:\/\/www.villaggiodellasalutepiu.it\/it\/#organization"},"potentialAction":[{"@type":"SearchAction","target":{"@type":"EntryPoint","urlTemplate":"https:\/\/www.villaggiodellasalutepiu.it\/it\/?s={search_term_string}"},"query-input":{"@type":"PropertyValueSpecification","valueRequired":true,"valueName":"search_term_string"}}],"inLanguage":"it-IT"},{"@type":"Organization","@id":"https:\/\/www.villaggiodellasalutepiu.it\/it\/#organization","name":"Villaggio Della Salute Più","url":"https:\/\/www.villaggiodellasalutepiu.it\/it\/","logo":{"@type":"ImageObject","inLanguage":"it-IT","@id":"https:\/\/www.villaggiodellasalutepiu.it\/it\/#\/schema\/logo\/image\/","url":"https:\/\/www.villaggiodellasalutepiu.it\/wp-content\/uploads\/2020\/04\/logo-vds.png","contentUrl":"https:\/\/www.villaggiodellasalutepiu.it\/wp-content\/uploads\/2020\/04\/logo-vds.png","width":449,"height":62,"caption":"Villaggio Della Salute Più"},"image":{"@id":"https:\/\/www.villaggiodellasalutepiu.it\/it\/#\/schema\/logo\/image\/"}}]}</script>
<!-- / Yoast SEO plugin. -->

Villaggio della Salute Più

Villaggio Della Salute Più
