{"id":18021,"date":"2024-02-01T16:32:15","date_gmt":"2024-02-01T15:32:15","guid":{"rendered":"https:\/\/www.villaggiodellasalutepiu.it\/it\/?post_type=eventi&#038;p=18021"},"modified":"2024-05-07T15:47:42","modified_gmt":"2024-05-07T13:47:42","slug":"fattorie-aperte-2024","status":"publish","type":"eventi","link":"https:\/\/www.villaggiodellasalutepiu.it\/it\/eventi\/fattorie-aperte-2024\/","title":{"rendered":"Fattorie aperte 2024"},"content":{"rendered":"<div class=\"wpb-content-wrapper\"><p>[vc_row][vc_column]<div class=\"title-wrapper  basel-title-color-default basel-title-style-default basel-title-size-default text-left \"><span class=\"title-subtitle font-default\">Domeniche 5, 12, 19 e 26 maggio<\/span><div class=\"liner-continer\"> <span class=\"left-line\"><\/span> <h4 class=\"title\" >Riscopri il valore della terra.<span class=\"title-separator\"><span><\/span><\/span><\/h4> <span class=\"right-line\"><\/span> <\/div><\/div>[\/vc_column][\/vc_row][vc_row][vc_column][vc_column_text]Anche quest&#8217;anno il <strong>Villaggio della Salute<\/strong> <strong>Pi\u00f9<\/strong> \u00e8 entusiasta di aderire all&#8217;iniziativa della regione Emilia-Romagna!<\/p>\n<p>Andare alla scoperta delle tante <strong>Fattorie dell\u2019Emilia-Romagna tra pianura, collina e appennino<\/strong> \u00e8 un viaggio ricco come il territorio di cui sono naturale espressione.<\/p>\n<p>In queste domeniche, pensate per grandi e piccini, gli agricoltori delle Fattorie dell\u2019Emilia-Romagna apriranno i loro campi le loro stalle per delle <strong>speciali giornate di relax<\/strong>, <strong>degustazioni<\/strong>, <strong>attivit\u00e0 ricreative<\/strong> e<strong> informative<\/strong>. Scoprirai un modo consapevole di lavorare la terra, allevare gli animali, produrre eccellenze enogastronomiche tra tradizione rurale e innovazione tecnologica. Il tutto con un occhio di riguardo verso <strong>l&#8217;educazione all&#8217;alimentazione e la sostenibilit\u00e0 ambientale.<\/strong><\/p>\n<p>Un connubio tra<strong> natura<\/strong> e <strong>cultura<\/strong>.<br \/>\nUn viaggio alla scoperta dei<strong> tesori naturali del nostro territorio<\/strong>.<\/p>\n<p>&nbsp;<\/p>\n<p style=\"text-align: center; font-size: 20px;\">DOVE TI PORTA LA BONT\u00c0, IL GIOCO, LA NATURA.<\/p>\n<p>&nbsp;<\/p>\n<p>Di seguito il programma delle quattro giornate:<\/p>\n<ul>\n<li><strong>5 MAGGIO<\/strong>. Un\u2019immersione di aria e natura per tutti.<br \/>\nAlle 15 piccola merenda al Bar con crostata fatta in casa e succo di frutta. A seguire breve passeggiata per ammirare lo stupendo paesaggio in cui \u00e8 immerso il Villaggio della Salute Pi\u00f9 alla scoperta di alcuni ambienti che lo caratterizzano maggiormente. La passeggiata dar\u00e0 l\u2019opportunit\u00e0 di fare conoscenza con le piante e gli animali che vivono in questi luoghi incontaminati. Sono infine previste attivit\u00e0 e giochi per suscitare una pi\u00f9 profonda comprensione della natura, per stimolare la capacit\u00e0 di rapportarsi ad essa, per migliorare le proprie capacit\u00e0 motorie e sensoriali, per imparare a gestire le proprie emozioni in un contesto di gruppo e non competitivo. Occorrente: calzature idonee ed abbigliamento adatto ad una escursione.<\/li>\n<li><strong>12 MAGGIO<\/strong>. Una giornata al Villaggio della Salute Pi\u00f9 alla scoperta della storia: visita al Museo della Linea Gotica.<br \/>\nAlle ore 15 piccola merenda al Bar con crostata fatta in casa e succo di frutta. A seguire visita guidata al Museo della Linea Gotica che si trova all\u2019interno della struttura per spiegare ai bambini che il luogo in cui si trova oggi il Villaggio della Salute Pi\u00f9 fu teatro di feroci scontri durante la Seconda Guerra Mondiale.<\/li>\n<li><strong>19 MAGGIO<\/strong>. Una giornata al Villaggio della Salute Pi\u00f9 alla scoperta delle terme e della buona alimentazione.<br \/>\nOre 15, piccola merenda al Bar con crostata fatta in casa e succo di frutta. A seguire incontro con il medico termalista della struttura che racconta ai bambini cos\u2019\u00e8 il Villaggio della Salute Pi\u00f9 e le attivit\u00e0 che lo costituiscono, in particolare insistendo sugli aspetti legati al benessere fisico favorito da una buona alimentazione intesa come vero e proprio \u201cstile di vita\u201d, oltre che dalla frequentazione delle acque termali cos\u00ec ricche di oligoelementi e sali minerali di cui l\u2019organismo ha necessit\u00e0 per riequilibrarsi. I bambini verranno anche condotti a visitare le piscine dello stabilimento (piscina termale a 32\u00b0 e talassoterapica a 35\u00b0) e l\u2019orto in cui vengono coltivate biologicamente verdure, ortaggi e frutta che verranno utilizzate nella cucina dell\u2019agriturismo. Il trasferimento \u00e8 possibile effettuarlo a piedi, lungo il sentiero che costeggia i laghi.<\/li>\n<li><strong>26 MAGGIO<\/strong>. Natura World del Villaggio della Salute Pi\u00f9! Un\u2019immersione di aria e natura per tutti.<br \/>\nAlle 15 piccola merenda al Bar con crostata fatta in casa e succo di frutta. A seguire breve passeggiata per ammirare lo stupendo paesaggio in cui \u00e8 immerso il Villaggio della Salute Pi\u00f9 alla scoperta di alcuni ambienti che lo caratterizzano maggiormente. La passeggiata dar\u00e0 l\u2019opportunit\u00e0 di fare conoscenza con le piante e gli animali che vivono in questi luoghi incontaminati. Sono infine previste attivit\u00e0 e giochi per suscitare una pi\u00f9 profonda comprensione della natura, per stimolare la capacit\u00e0 di rapportarsi ad essa, per migliorare le proprie capacit\u00e0 motorie e sensoriali, per imparare a gestire le proprie emozioni in un contesto di gruppo e non competitivo. Occorrente: calzature idonee ed abbigliamento adatto ad una escursione.<\/li>\n<\/ul>\n<p>[\/vc_column_text][\/vc_column][\/vc_row][vc_row][vc_column][vc_empty_space][\/vc_column][\/vc_row][vc_row][vc_column][vc_column_text]Richiesta la prenotazione (contattare <a href=\"mailto:info@villaggiodellasalute.it\">info@villaggiodellasalute.it<\/a>). Costo \u20ac 10 per gli adulti e \u20ac 5 per i bambini.<\/p>\n<p>Per maggiori informazioni visitare il sito <a href=\"https:\/\/agricoltura.regione.emilia-romagna.it\/fattorie-progetti-didattici\/fattorie-aperte\" target=\"_blank\" rel=\"noopener\">https:\/\/agricoltura.regione.emilia-romagna.it\/fattorie-progetti-didattici\/fattorie-aperte<\/a>[\/vc_column_text][\/vc_column][\/vc_row][vc_row][vc_column][vc_empty_space][\/vc_column][\/vc_row]<\/p>\n<\/div>","protected":false},"excerpt":{"rendered":"<p>Il Villaggio della Salute Pi\u00f9 aderisce anche quest&#8217;anno all&#8217;iniziativa regionale Fattorie aperte nelle domeniche 5, 12, 19 e 26 maggio.<\/p>\n","protected":false},"author":18,"featured_media":18024,"parent":0,"menu_order":0,"template":"","format":"standard","meta":{"footnotes":""},"categories":[22],"tags":[],"eventi":[],"class_list":["post-18021","eventi","type-eventi","status-publish","format-standard","has-post-thumbnail","hentry","category-news"],"yoast_head":"<!-- This site is optimized with the Yoast SEO plugin v28.0 - https:\/\/yoast.com\/product\/yoast-seo-wordpress\/ -->\n<title>Villaggio della Salute Pi\u00f9<\/title>\n<meta name=\"robots\" content=\"index, follow, max-snippet:-1, max-image-preview:large, max-video-preview:-1\" \/>\n<meta property=\"og:locale\" content=\"it_IT\" \/>\n<meta property=\"og:type\" content=\"article\" \/>\n<meta property=\"og:site_name\" content=\"Villaggio della Salute Pi\u00f9\" \/>\n<meta name=\"twitter:card\" content=\"summary_large_image\" \/>\n<script type=\"application\/ld+json\" class=\"yoast-schema-graph\">{\"@context\":\"https:\\\/\\\/schema.org\",\"@graph\":[{\"@type\":\"CollectionPage\",\"@id\":null,\"url\":\"\",\"name\":\"\",\"isPartOf\":{\"@id\":\"https:\\\/\\\/www.villaggiodellasalutepiu.it\\\/it\\\/#website\"},\"inLanguage\":\"it-IT\"},{\"@type\":\"WebSite\",\"@id\":\"https:\\\/\\\/www.villaggiodellasalutepiu.it\\\/it\\\/#website\",\"url\":\"https:\\\/\\\/www.villaggiodellasalutepiu.it\\\/it\\\/\",\"name\":\"Villaggio della Salute Pi\u00f9\",\"description\":\"Benvenuti\",\"publisher\":{\"@id\":\"https:\\\/\\\/www.villaggiodellasalutepiu.it\\\/it\\\/#organization\"},\"potentialAction\":[{\"@type\":\"SearchAction\",\"target\":{\"@type\":\"EntryPoint\",\"urlTemplate\":\"https:\\\/\\\/www.villaggiodellasalutepiu.it\\\/it\\\/?s={search_term_string}\"},\"query-input\":{\"@type\":\"PropertyValueSpecification\",\"valueRequired\":true,\"valueName\":\"search_term_string\"}}],\"inLanguage\":\"it-IT\"},{\"@type\":\"Organization\",\"@id\":\"https:\\\/\\\/www.villaggiodellasalutepiu.it\\\/it\\\/#organization\",\"name\":\"Villaggio Della Salute Pi\u00f9\",\"url\":\"https:\\\/\\\/www.villaggiodellasalutepiu.it\\\/it\\\/\",\"logo\":{\"@type\":\"ImageObject\",\"inLanguage\":\"it-IT\",\"@id\":\"https:\\\/\\\/www.villaggiodellasalutepiu.it\\\/it\\\/#\\\/schema\\\/logo\\\/image\\\/\",\"url\":\"https:\\\/\\\/www.villaggiodellasalutepiu.it\\\/wp-content\\\/uploads\\\/2020\\\/04\\\/logo-vds.png\",\"contentUrl\":\"https:\\\/\\\/www.villaggiodellasalutepiu.it\\\/wp-content\\\/uploads\\\/2020\\\/04\\\/logo-vds.png\",\"width\":449,\"height\":62,\"caption\":\"Villaggio Della Salute Pi\u00f9\"},\"image\":{\"@id\":\"https:\\\/\\\/www.villaggiodellasalutepiu.it\\\/it\\\/#\\\/schema\\\/logo\\\/image\\\/\"}}]}<\/script>\n<!-- \/ Yoast SEO plugin. -->","yoast_head_json":{"title":"Villaggio della Salute Pi\u00f9","robots":{"index":"index","follow":"follow","max-snippet":"max-snippet:-1","max-image-preview":"max-image-preview:large","max-video-preview":"max-video-preview:-1"},"og_locale":"it_IT","og_type":"article","og_site_name":"Villaggio della Salute Pi\u00f9","twitter_card":"summary_large_image","schema":{"@context":"https:\/\/schema.org","@graph":[{"@type":"CollectionPage","@id":null,"url":"","name":"","isPartOf":{"@id":"https:\/\/www.villaggiodellasalutepiu.it\/it\/#website"},"inLanguage":"it-IT"},{"@type":"WebSite","@id":"https:\/\/www.villaggiodellasalutepiu.it\/it\/#website","url":"https:\/\/www.villaggiodellasalutepiu.it\/it\/","name":"Villaggio della Salute Pi\u00f9","description":"Benvenuti","publisher":{"@id":"https:\/\/www.villaggiodellasalutepiu.it\/it\/#organization"},"potentialAction":[{"@type":"SearchAction","target":{"@type":"EntryPoint","urlTemplate":"https:\/\/www.villaggiodellasalutepiu.it\/it\/?s={search_term_string}"},"query-input":{"@type":"PropertyValueSpecification","valueRequired":true,"valueName":"search_term_string"}}],"inLanguage":"it-IT"},{"@type":"Organization","@id":"https:\/\/www.villaggiodellasalutepiu.it\/it\/#organization","name":"Villaggio Della Salute Pi\u00f9","url":"https:\/\/www.villaggiodellasalutepiu.it\/it\/","logo":{"@type":"ImageObject","inLanguage":"it-IT","@id":"https:\/\/www.villaggiodellasalutepiu.it\/it\/#\/schema\/logo\/image\/","url":"https:\/\/www.villaggiodellasalutepiu.it\/wp-content\/uploads\/2020\/04\/logo-vds.png","contentUrl":"https:\/\/www.villaggiodellasalutepiu.it\/wp-content\/uploads\/2020\/04\/logo-vds.png","width":449,"height":62,"caption":"Villaggio Della Salute Pi\u00f9"},"image":{"@id":"https:\/\/www.villaggiodellasalutepiu.it\/it\/#\/schema\/logo\/image\/"}}]}},"_links":{"self":[{"href":"https:\/\/www.villaggiodellasalutepiu.it\/it\/wp-json\/wp\/v2\/eventi\/18021"}],"collection":[{"href":"https:\/\/www.villaggiodellasalutepiu.it\/it\/wp-json\/wp\/v2\/eventi"}],"about":[{"href":"https:\/\/www.villaggiodellasalutepiu.it\/it\/wp-json\/wp\/v2\/types\/eventi"}],"author":[{"embeddable":true,"href":"https:\/\/www.villaggiodellasalutepiu.it\/it\/wp-json\/wp\/v2\/users\/18"}],"version-history":[{"count":16,"href":"https:\/\/www.villaggiodellasalutepiu.it\/it\/wp-json\/wp\/v2\/eventi\/18021\/revisions"}],"predecessor-version":[{"id":18045,"href":"https:\/\/www.villaggiodellasalutepiu.it\/it\/wp-json\/wp\/v2\/eventi\/18021\/revisions\/18045"}],"wp:featuredmedia":[{"embeddable":true,"href":"https:\/\/www.villaggiodellasalutepiu.it\/it\/wp-json\/wp\/v2\/media\/18024"}],"wp:attachment":[{"href":"https:\/\/www.villaggiodellasalutepiu.it\/it\/wp-json\/wp\/v2\/media?parent=18021"}],"wp:term":[{"taxonomy":"category","embeddable":true,"href":"https:\/\/www.villaggiodellasalutepiu.it\/it\/wp-json\/wp\/v2\/categories?post=18021"},{"taxonomy":"post_tag","embeddable":true,"href":"https:\/\/www.villaggiodellasalutepiu.it\/it\/wp-json\/wp\/v2\/tags?post=18021"},{"taxonomy":"eventi","embeddable":true,"href":"https:\/\/www.villaggiodellasalutepiu.it\/it\/wp-json\/wp\/v2\/eventi?post=18021"}],"curies":[{"name":"wp","href":"https:\/\/api.w.org\/{rel}","templated":true}]}}

<div class="wpb-content-wrapper"><p>[vc_row][vc_column]<div class="title-wrapper  basel-title-color-default basel-title-style-default basel-title-size-default text-left "><span class="title-subtitle font-default">Domeniche 5, 12, 19 e 26 maggio</span><div class="liner-continer"> <span class="left-line"></span> <h4 class="title" >Riscopri il valore della terra.<span class="title-separator"><span></span></span></h4> <span class="right-line"></span> </div></div>[/vc_column][/vc_row][vc_row][vc_column][vc_column_text]Anche quest&#8217;anno il <strong>Villaggio della Salute</strong> <strong>Più</strong> è entusiasta di aderire all&#8217;iniziativa della regione Emilia-Romagna!</p>
<p>Andare alla scoperta delle tante <strong>Fattorie dell’Emilia-Romagna tra pianura, collina e appennino</strong> è un viaggio ricco come il territorio di cui sono naturale espressione.</p>
<p>In queste domeniche, pensate per grandi e piccini, gli agricoltori delle Fattorie dell’Emilia-Romagna apriranno i loro campi le loro stalle per delle <strong>speciali giornate di relax</strong>, <strong>degustazioni</strong>, <strong>attività ricreative</strong> e<strong> informative</strong>. Scoprirai un modo consapevole di lavorare la terra, allevare gli animali, produrre eccellenze enogastronomiche tra tradizione rurale e innovazione tecnologica. Il tutto con un occhio di riguardo verso <strong>l&#8217;educazione all&#8217;alimentazione e la sostenibilità ambientale.</strong></p>
<p>Un connubio tra<strong> natura</strong> e <strong>cultura</strong>.<br />
Un viaggio alla scoperta dei<strong> tesori naturali del nostro territorio</strong>.</p>
<p>&nbsp;</p>
<p style="text-align: center; font-size: 20px;">DOVE TI PORTA LA BONTÀ, IL GIOCO, LA NATURA.</p>
<p>&nbsp;</p>
<p>Di seguito il programma delle quattro giornate:</p>
<ul>
<li><strong>5 MAGGIO</strong>. Un’immersione di aria e natura per tutti.<br />
Alle 15 piccola merenda al Bar con crostata fatta in casa e succo di frutta. A seguire breve passeggiata per ammirare lo stupendo paesaggio in cui è immerso il Villaggio della Salute Più alla scoperta di alcuni ambienti che lo caratterizzano maggiormente. La passeggiata darà l’opportunità di fare conoscenza con le piante e gli animali che vivono in questi luoghi incontaminati. Sono infine previste attività e giochi per suscitare una più profonda comprensione della natura, per stimolare la capacità di rapportarsi ad essa, per migliorare le proprie capacità motorie e sensoriali, per imparare a gestire le proprie emozioni in un contesto di gruppo e non competitivo. Occorrente: calzature idonee ed abbigliamento adatto ad una escursione.</li>
<li><strong>12 MAGGIO</strong>. Una giornata al Villaggio della Salute Più alla scoperta della storia: visita al Museo della Linea Gotica.<br />
Alle ore 15 piccola merenda al Bar con crostata fatta in casa e succo di frutta. A seguire visita guidata al Museo della Linea Gotica che si trova all’interno della struttura per spiegare ai bambini che il luogo in cui si trova oggi il Villaggio della Salute Più fu teatro di feroci scontri durante la Seconda Guerra Mondiale.</li>
<li><strong>19 MAGGIO</strong>. Una giornata al Villaggio della Salute Più alla scoperta delle terme e della buona alimentazione.<br />
Ore 15, piccola merenda al Bar con crostata fatta in casa e succo di frutta. A seguire incontro con il medico termalista della struttura che racconta ai bambini cos’è il Villaggio della Salute Più e le attività che lo costituiscono, in particolare insistendo sugli aspetti legati al benessere fisico favorito da una buona alimentazione intesa come vero e proprio “stile di vita”, oltre che dalla frequentazione delle acque termali così ricche di oligoelementi e sali minerali di cui l’organismo ha necessità per riequilibrarsi. I bambini verranno anche condotti a visitare le piscine dello stabilimento (piscina termale a 32° e talassoterapica a 35°) e l’orto in cui vengono coltivate biologicamente verdure, ortaggi e frutta che verranno utilizzate nella cucina dell’agriturismo. Il trasferimento è possibile effettuarlo a piedi, lungo il sentiero che costeggia i laghi.</li>
<li><strong>26 MAGGIO</strong>. Natura World del Villaggio della Salute Più! Un’immersione di aria e natura per tutti.<br />
Alle 15 piccola merenda al Bar con crostata fatta in casa e succo di frutta. A seguire breve passeggiata per ammirare lo stupendo paesaggio in cui è immerso il Villaggio della Salute Più alla scoperta di alcuni ambienti che lo caratterizzano maggiormente. La passeggiata darà l’opportunità di fare conoscenza con le piante e gli animali che vivono in questi luoghi incontaminati. Sono infine previste attività e giochi per suscitare una più profonda comprensione della natura, per stimolare la capacità di rapportarsi ad essa, per migliorare le proprie capacità motorie e sensoriali, per imparare a gestire le proprie emozioni in un contesto di gruppo e non competitivo. Occorrente: calzature idonee ed abbigliamento adatto ad una escursione.</li>
</ul>
<p>[/vc_column_text][/vc_column][/vc_row][vc_row][vc_column][vc_empty_space][/vc_column][/vc_row][vc_row][vc_column][vc_column_text]Richiesta la prenotazione (contattare <a href="mailto:info@villaggiodellasalute.it">info@villaggiodellasalute.it</a>). Costo € 10 per gli adulti e € 5 per i bambini.</p>
<p>Per maggiori informazioni visitare il sito <a href="https://agricoltura.regione.emilia-romagna.it/fattorie-progetti-didattici/fattorie-aperte" target="_blank" rel="noopener">https://agricoltura.regione.emilia-romagna.it/fattorie-progetti-didattici/fattorie-aperte</a>[/vc_column_text][/vc_column][/vc_row][vc_row][vc_column][vc_empty_space][/vc_column][/vc_row]</p>
</div>

<p>Il Villaggio della Salute Più aderisce anche quest&#8217;anno all&#8217;iniziativa regionale Fattorie aperte nelle domeniche 5, 12, 19 e 26 maggio.</p>

<!-- This site is optimized with the Yoast SEO plugin v28.0 - https://yoast.com/product/yoast-seo-wordpress/ -->
<title>Villaggio della Salute Più</title>
<meta name="robots" content="index, follow, max-snippet:-1, max-image-preview:large, max-video-preview:-1" />
<meta property="og:locale" content="it_IT" />
<meta property="og:type" content="article" />
<meta property="og:site_name" content="Villaggio della Salute Più" />
<meta name="twitter:card" content="summary_large_image" />
<script type="application/ld+json" class="yoast-schema-graph">{"@context":"https:\/\/schema.org","@graph":[{"@type":"CollectionPage","@id":null,"url":"","name":"","isPartOf":{"@id":"https:\/\/www.villaggiodellasalutepiu.it\/it\/#website"},"inLanguage":"it-IT"},{"@type":"WebSite","@id":"https:\/\/www.villaggiodellasalutepiu.it\/it\/#website","url":"https:\/\/www.villaggiodellasalutepiu.it\/it\/","name":"Villaggio della Salute Più","description":"Benvenuti","publisher":{"@id":"https:\/\/www.villaggiodellasalutepiu.it\/it\/#organization"},"potentialAction":[{"@type":"SearchAction","target":{"@type":"EntryPoint","urlTemplate":"https:\/\/www.villaggiodellasalutepiu.it\/it\/?s={search_term_string}"},"query-input":{"@type":"PropertyValueSpecification","valueRequired":true,"valueName":"search_term_string"}}],"inLanguage":"it-IT"},{"@type":"Organization","@id":"https:\/\/www.villaggiodellasalutepiu.it\/it\/#organization","name":"Villaggio Della Salute Più","url":"https:\/\/www.villaggiodellasalutepiu.it\/it\/","logo":{"@type":"ImageObject","inLanguage":"it-IT","@id":"https:\/\/www.villaggiodellasalutepiu.it\/it\/#\/schema\/logo\/image\/","url":"https:\/\/www.villaggiodellasalutepiu.it\/wp-content\/uploads\/2020\/04\/logo-vds.png","contentUrl":"https:\/\/www.villaggiodellasalutepiu.it\/wp-content\/uploads\/2020\/04\/logo-vds.png","width":449,"height":62,"caption":"Villaggio Della Salute Più"},"image":{"@id":"https:\/\/www.villaggiodellasalutepiu.it\/it\/#\/schema\/logo\/image\/"}}]}</script>
<!-- / Yoast SEO plugin. -->

Villaggio della Salute Più

Villaggio Della Salute Più
